
-8
(0 - -8) + (-4 - -10) + -4
10
What is the value of (10 + (-4 - 7) - 27) + 10?
-18
Evaluate 23 - (-16 + 38 + -7).
8
What is the value of 5 - ((7 - 1) + (-3 - (-3 + 1)))?
0
2 - -11 - (-4 + -25 + 19)
23
What is the value of (10 - -1) + -38 + 32 - (0 + 8)?
-3
What is -3 + (15 - (-3 + 13)) - (1 + 6)?
-5
6 + (-1 - (2 + -10)) + (11 - 16)
8
What is (1 - 1) + (-103 - -107) + 3 - -4?
11
Calculate -5 - 1 - (60 - 57).
-9
What is the value of 3 + (18 - (6 - -20))?
-5
Evaluate 1 + 1 - (77 + -65).
-10
What is -2 + (4 - 1) + 20 + -18 + -1?
2
Evaluate 4 - (-16 - (-1 + 4 - 0 - 11)).
12
Calculate (2 - -2) + -1 - (-6 + (-4 - -4)).
9
Evaluate -11 - (-9 + 13 - 13 - -10).
-12
What is (-25 - (2 + -37)) + 4?
14
Evaluate (3 - -1 - (62 - 68)) + 8.
18
Calculate 4 + 3 + -20 - -10 - (-12 + 0).
9
Calculate 11 + (-30 - -13) + 15 - 4.
5
Calculate (6 - (7 - -1 - 6)) + -4.
0
What is (112 - 102 - (10 + -1)) + -19 + -3?
-21
Evaluate (-1 - -2 - -6) + -25 + 23.
5
Evaluate -2 + (0 + (2 - 0) - 1) - 3.
-4
Calculate -1 + -2 + 1 - (48 - 59).
9
Calculate (35 - 12) + -35 - ((-5 - -1) + 10).
-18
Calculate (-26 - 6) + 16 + -11.
-27
-6 - (-8 - (6 + (-2 - 3)))
3
Evaluate 8 - (13 - (-1 - -15)).
9
What is the value of -8 + 2 - (40 - (95 - 10))?
39
Calculate (4 - 0 - (-19 - -22)) + -4.
-3
Calculate (-25 - -3) + 19 + 10 + 0.
7
-16 + (37 - -2) + (-15 - 1)
7
What is the value of -9 + 19 + (-7 - 2 - -7 - 5)?
3
What is 10 + -25 - -16 - (2 + -2)?
1
What is the value of 2 + -1 - (-15 + -6 + 34 + -8)?
-4
133 + -143 + 2 + 12
4
What is 5 - (-32 - -51) - (2 - (-5 + -2))?
-23
What is -13 - -9 - (-35 - -23) - (0 - -35)?
-27
Evaluate 8 + (5 - (12 + -9)) + -24.
-14
Evaluate 3 + (-5 - (-12 - -8)) + -10.
-8
What is the value of -8 + -9 + 18 - 14?
-13
What is the value of 788 + -784 - (-4 + 2 - -1 - -6)?
-1
(13 - 14) + -19 + 26
6
Evaluate 7 + (-1 - -25) + -307 + 300.
24
(-28 - (14 + 0)) + 31
-11
What is 7 + (-11 - -29 - 23)?
2
What is -8 - (-2 + 0 - (5 - 17))?
-18
Calculate 0 - (6 - (-4 - -1)) - -20.
11
What is the value of (38 + -23 - 11 - (-1 + 12)) + -3?
-10
Calculate (-4 - 4) + (26 - 46) + 12.
-16
What is the value of 6 + 4 + (-10 + 1 - -2)?
3
What is -17 + 17 + (-7 - 3)?
-10
Evaluate -20 + 1 - (-38 - 5 - -33).
-9
(2 - (0 + 0)) + (-193 - -188)
-3
Evaluate 12 + (4 - -19) + -5 + -4.
26
(-46 - -39) + -1 + 1 + -24 + 7
-24
What is -10 - (15 - 18 - 28)?
21
Calculate (0 + 7 - (-23 - (-33 + 23))) + 7.
27
What is the value of -4 + 28 + (-22 - -4)?
6
Calculate 35 - (14 + (-2 + -11 - -4)).
30
What is the value of -7 + (-10 + (-5 - -11 - -3) - -17)?
9
Calculate (202 - 166) + -45 + -1.
-10
What is the value of -12 + (-23 - -3 - -16 - (0 - 7))?
-9
What is the value of (23 - -16 - 70) + 43?
12
61 + -74 - ((2 - 6) + 13)
-22
Calculate (29 - (29 - -7)) + 3 + (-3 - -1).
-6
What is 9 + 4 - 2 - 1?
10
What is 4 - ((0 - (-5 + 7)) + -5 + 1)?
10
What is -6 - (-16 + 8 - 10)?
12
Calculate -2 + -15 + (20 - -6).
9
(-4 - (13 + 6 - 9)) + (7 - 1)
-8
What is -11 + (-12 + (-8 - -15) - 5)?
-21
What is the value of -13 + 2 + (-12 + -14 - -12) + 9?
-16
(-25 - -28) + (1 + 20 - (-2 - -1))
25
Calculate 0 + (-5 - 0) - (-7 - (12 + -3)).
11
Evaluate 8 + (-28 - 3) + 5 - -6.
-12
What is 1 + 13 + -6 + -1?
7
Calculate (3 - (5 + 0)) + -2 + 6 - 0.
2
What is 94 + -63 + -18 + 0?
13
Calculate 6 - (8 + (-7 - -2)) - (11 - 12).
4
2 + -17 - (-26 - -13)
-2
15 + 7 + -6 + -10
6
What is 43 - 34 - (-14 - 4 - (-5 - 3))?
19
(-14 - -42) + -11 + 3 + -1
19
Evaluate -13 + 11 + 11 + -5.
4
(7 - (12 - 2)) + -6
-9
Evaluate (2 - 12) + 2 - (-9 - 11).
12
What is the value of -1 + (13 - 12) + -13 + 1?
-12
Evaluate (-4 - 4) + (-100 - -101).
-7
-18 - 0 - (65 + -75)
-8
What is the value of -5 + 2 + -1 - (-9 - 0) - 2?
3
What is the value of (-9 - (5 + -16 + 11)) + 10?
1
Calculate 14 - -15 - 45 - -14.
-2
Evaluate -8 - -2 - (2 - (17 + -7)).
2
What is 3 + -2 + 11 - (-35 - -44)?
3
What is (-67 - -114) + -27 + 2?
22
Calculate 0 + (1 - 4) - (-21 + 9).
9
What is the value of -1 + 4 + (1 - -10) + (-6 - 7)?
1
Evaluate -12 + 1 + -9 + -1 + 8.
-13
Calculate -1 + 6 - (19 + (-25 - -9)).
2
(-2 - -7) + (-1 - -2) + (435 - 444)
-3
(11 - 21) + 13 + -1
2
Calculate -11 + 10 + -10 + 12.
1
What is the value of 2 + (-1 - (7 + -8)) + -5 + 12?
9
Evaluate 637 + -648 - ((1 - -10) + 2).
-24
Evaluate -44 - -1 - (32 - 37 - 3).
-35
Calculate (12 - 8) + (-10 - -2).
-4
12 + -52 + 12 + 8 + -1
-21
Evaluate (202 - 193) + -11 + 0.
-2
What is (-9 - (-5 - -5)) + -6 + 12 + 6?
3
Evaluate 11 - (23 + -12 + 12).
-12
Calculate (-62 - -67 - (-14 + -1)) + -9.
11
What is the value of -11 + 0 + (1 - 13) + 14 + 16?
7
What is the value of (0 - -3) + -3 + (8 - 1) + -7?
0
(12 - 1) + 560 + -595
-24
Calculate -440 + 439 + 1 + 0 + 5.
5
What is the value of 11 + -35 - (0 - 11) - 2?
-15
What is -199 + 200 + 8 + -1?
8
What is 4 + -1 + (3 - (1 + -2) - 2)?
5
Evaluate -6 - ((-24 - -10 - -10) + 9).
-11
What is the value of 16 - (-3 - -23) - -3?
-1
3 + (19 - 14) - (22 - 5)
-9
(24 - 27) + 15 + -14
-2
Evaluate (6 - (-4 + 11)) + -20 + 24.
3
Evaluate 209 - 197 - (0 + 5) - -4.
11
What is (10 - (8 + -3)) + 2?
7
What is the value of 20 + 4 - ((2 - -4) + -5 - 4)?
27
Calculate -2 - 12 - (21 - -15 - 34).
-16
Calculate 4 - 18 - (8 - 9).
-13
Evaluate 1 - (2 + 0) - (7 - (5 - -3)).
0
Evaluate (28 + 10 - 17) + -2.
19
14 + -1 + 8 + -70 + 70
21
Calculate -3 + -26 + (16 - -3).
-10
What is 4 - 1 - (14 + -21 + -1 + 4)?
7
What is (-15 - -4) + (6 - 2)?
-7
(-103 + 97 - (-9 - (0 - 1))) + -7
-5
What is 40 + -18 + (14 - -9) + 3 + -15?
33
Evaluate 12 + (-8 + 11 - -7 - 12).
10
13 + 6 + -15 - (3 - 2)
3
What is 8 - 0 - (-241 - -238)?
11
Evaluate -14 + 18 + 1 + 0.
5
(30 - -1) + -29 + 17
19
Calculate (1 + 25 - (35 - 48)) + -14.
25
Calculate (-10 - 0) + 15 - (-8 - 2).
15
9 + (15 - 9) + (9 - 6 - 0)
18
What is 8 - -4 - (43 + -41 - -6)?
4
-4 - (12 - -5) - ((15 - 6) + -10)
-20
What is the value of (4 - 1 - (5 + 5)) + 28?
21
Calculate (-12 - (0 + 1)) + (23 - (31 - 9)).
-12
2 + 1 + (3 - (9 + -9)) + -9
-3
What is the value of (-6 - -1) + (3 - (5 + 18 + 8))?
-33
What is the value of -29 - -14 - (-8 - 10)?
3
Evaluate -1 - (0 + -5 + 5).
-1
What is 4 + 1 - (21 + 47 - 40)?
-23
-9 + 0 + -9 + (-31 - (-15 - 56))
22
What is (0 - -4) + -6 + (3 - (13 + -7))?
-5
-12 + (36 - 9 - 13)
2
Evaluate 18 - (28 + (-31 - -25)).
-4
What is (6 - (14 + -8) - (2 + 5)) + -11?
-18
(-5 - (-5 - (0 - (6 + 1)))) + -7
-14
What is 1 + (20 - 12) + 2 + -8?
3
(-14 - -5) + (3 - -9)
3
What is the value of -2 - (-8 + 21) - -4?
-11
-1 - -2 - (-55 + 55) - (-12 + 1)
12
-4 - (-20 + 2 + 8 + 6)
0
Calculate 0 - ((7 - 2 - (5 + -7)) + -2).
-5
What is -20 + 10 + 21 - (8 + -2)?
5
Calculate ((-9 - 3) + 14 - 3) + -1.
-2
What is the value of 13 - ((-5 - -14) + -5)?
9
-10 - (-10 - 5 - -26)
-21
Evaluate -342 + 365 - (0 - 2).
25
What is the value of 1 + -8 + -14 + 21 + -7?
-7
What is -21 + 4 + -3 + -14 + 9?
-25
Calculate 5 + (-6 - -6) + 2 + -6 - 13.
-12
Calculate (8 - (-7 + 12) - -2) + -5.
0
Evaluate (5 - 10) + 17 + -22 - -8.
-2
Calculate -2 - (-1 - 7) - ((2 - -32) + -14).
-14
1 + -16 - (-4 + (-5 - (-2 - 2)))
-10
What is 9 - ((4 - -3 - 16) + 25)?
-7
Calculate -37 + -42 + 38 + 39.
-2
What is the value of -2 + 0 - (14 - 13 - (5 - 12))?
-10
11 - 0 - (-40 + 36) - (5 - -2)
8
Evaluate 4 + (9 - (7 - -7)) + 1.
0
What is 15 + (-30 + 15 - -19)?
19
-17 - (-6 + (-6 + 0 - (3 - 17)))
-19
Calculate 6 - (-3 + 5 - (-3 + 36) - -5).
32
What is 1 + -3 + 12 + (14 - 4)?
20
What is (-1 - 8) + (-7 - (5 - 9)) + 3?
-9
Calculate 5 - (-4 + -18 + -6 - (6 - 12)).
27
What is the value of -2 + (2 - 2) + (-75 - -68)?
-9
What is (1 - -3) + (46 - 50) - (0 + 32)?
-32
What is the value of 4 + (5 + -7 + 5 - (-2 + 6))?
3
1 + (22 - 16) + -8
-1
Evaluate (-5 + 13 - -29) + (4 - 17).
24
-10 + 21 + -3 - 5 - 39 - -2
-34
Calculate (13 - 6) + (3 - 3).
7
What is -2 + 3 + (-10 - -15) - 12?
-6
4 + -1 + -57 + 87 + -33
0
Calculate -1 + (-25 - -22) + 1 + (1 - 14).
-16
22 - 12 - (-5 - -14 - 0)
1
138 - 90 - (-2 + 26)
24
Evaluate (8 - 12) + 12 + (3 - 8) + -1.
2
What is the value of 10 + 1 - (9 + -13 - -19)?
-4
What is -4 - (20 - 27 - -25)?
-22
What is (39 - 49) + 16 + -5?
1
Calculate -9 + (19 + -16 - (0 - -15)).
-21
Evaluate -13 + 18 + 1 + (6 - 4) + 16.
24
-6 - (3 + (2 - 0)) - -23
12
Calculate (-5 - 2) + 22 + 2.
17
Evaluate 13 + (13 + -24 - -3 - -18).
23
Evaluate (-9 + 0 - -12) + 6 + 1.
10
Wha